 78*y - 40. What is q(20)?
0
Let j(l) = l**2 + 10*l + 8. Give j(-9).
-1
Let j(u) = u**2 + 3*u + 2. Determine j(-5).
12
Let u(r) = 25*r - 1399. Give u(56).
1
Let b(i) = i**3 - 7*i**2 - 10*i - 4. Determine b(8).
-20
Let w(k) = -25*k - 543. Determine w(-22).
7
Let n(o) = -o**2 + 5*o - 8. Determine n(4).
-4
Let m(i) = -6*i**3 + 2*i**2 - 2*i. What is m(1)?
-6
Let s(f) = -2*f**2 + 6*f + 2. Calculate s(3).
2
Let m(g) = -g**2 + 8*g - 6. Give m(3).
9
Let h(k) = -7*k - 60. Calculate h(-17).
59
Let n(c) = -c**2 - 32*c - 271. Determine n(-16).
-15
Let w(v) = v**3 - 10*v**2 + 9*v + 8. What is w(2)?
-6
Let h(o) = -10*o - 16. Give h(-3).
14
Let d(a) = -a**2 - 14*a + 24. What is d(-15)?
9
Let t(s) = -18*s - 467. Give t(-26).
1
Let w(z) = z**3 - 22*z**2 + 21*z + 3. Calculate w(21).
3
Let p(s) = -15*s - 72. Determine p(-5).
3
Let s(v) = -v**3 - 2*v**2 + 58*v - 5. Give s(0).
-5
Let h(a) = -23*a + 320. Calculate h(14).
-2
Let l(a) = 2*a - 28. Give l(11).
-6
Let o(v) = v**3 - 3*v**2 - 4*v + 4. Calculate o(3).
-8
Let g(y) = y + 11. Determine g(3).
14
Let j(l) = 23*l + 152. Give j(-7).
-9
Let b(v) = 5*v**2 + 3*v - 1. Give b(3).
53
Let z(k) = k**3 - 7*k**2 - k - 7. What is z(6)?
-49
Let c(v) = -v**3 + 21*v**2 + 31. What is c(21)?
31
Let m(x) = -x**2 - x - 46. Give m(-7).
-88
Let k(r) = -2*r**2 - 36*r - 3. Give k(-18).
-3
Let q(i) = -i + 1. Give q(-4).
5
Let z(d) = -30*d**3 - 1. Determine z(-1).
29
Let v(b) = -32*b. What is v(-1)?
32
Let m(o) = 37*o + 121. Give m(-3).
10
Let o(d) = -d**3 - 13*d**2 + 33*d + 22. What is o(-15)?
-23
Let n(v) = -42*v + 3. Determine n(-1).
45
Let t(k) = k - 30. Give t(10).
-20
Let b(s) = -2*s + 33. Determine b(20).
-7
Let l(x) = 2*x - 6. What is l(14)?
22
Let c(o) = 7*o - 40. Give c(5).
-5
Let k(y) = -16*y - 12. What is k(-4)?
52
Let c(g) = -g**3 + 6*g**2 - 8*g + 16. Determine c(5).
1
Let c(o) = 3*o + 5. What is c(-6)?
-13
Let y(o) = 6*o + 16. What is y(-12)?
-56
Let p(z) = 22*z + 3. Determine p(-5).
-107
Let y(h) = 5*h**2. Calculate y(-1).
5
Let l(f) = 4*f**2 + 11*f - 25. Give l(2).
13
Let r(y) = 18*y + 1. Calculate r(-2).
-35
Let w(f) = f**2 - 10*f + 11. Determine w(8).
-5
Let b(s) = -4*s - 2. Calculate b(6).
-26
Let s(y) = 2*y**3 + y - 7. Give s(0).
-7
Let p(z) = -z**3 + 15*z**2 + 19*z - 40. Give p(16).
8
Let y(q) = -q**2 - 7*q - 7. Calculate y(-5).
3
Let c(j) = -9*j + 6. Determine c(0).
6
Let p(u) = u**3 - 6*u**2 - 9*u - 5. Determine p(7).
-19
Let x(n) = 30*n - 92. Give x(3).
-2
Let n(m) = 2*m**2 + 15*m. Give n(-5).
-25
Let f(c) = -c**3 - 31*c**2 - 149*c + 26. Determine f(-25).
1
Let j(i) = 9*i + 10. What is j(-2)?
-8
Let j(n) = n**2 - 26*n - 55. What is j(28)?
1
Let k(q) = 2*q**2 + 19*q - 6. Calculate k(-14).
120
Let o(w) = -w - 16. Give o(-9).
-7
Let v(x) = -x**2 - 9*x + 36. Give v(-12).
0
Let q(j) = j**2 + 11*j + 11. What is q(-9)?
-7
Let b(h) = h**2 + 17*h - 26. Calculate b(-14).
-68
Let n(o) = -o**3 + 6*o**2 + 16*o - 12. What is n(7)?
51
Let x(a) = -a + 24. Determine x(0).
24
Let p(d) = -d**2 - 2*d + 2. Determine p(-4).
-6
Let n(f) = 14*f - 16. Calculate n(3).
26
Let u(m) = m**2 + 14*m + 10. Give u(-11).
-23
Let o(s) = s**3 + 31*s**2 + 35*s + 162. What is o(-30)?
12
Let b(u) = 71*u**3 + u**2 + u + 1. What is b(-1)?
-70
Let a(z) = 2*z**2 - 26*z - 11. What is a(14)?
17
Let w(l) = l**3 + 6*l**2 + 8*l + 6. Give w(-5).
-9
Let s(l) = 4*l - 12. What is s(6)?
12
Let u(c) = c**3 + 17*c**2 + 17*c + 6. Give u(-16).
-10
Let x(n) = -2*n - 8. What is x(-9)?
10
Let w(n) = 6*n**2 + 2*n + 4. Calculate w(-3).
52
Let v(s) = s + 17. Determine v(7).
24
Let k(o) = -2*o**3 - 3*o**2 + 5*o + 4. What is k(-3)?
16
Let w(d) = -d**3 + 7*d**2 + 3*d - 3. Calculate w(6).
51
Let i(c) = c - 15. Give i(0).
-15
Let f(j) = -13*j**3 + 4*j**2 + 3*j - 2. Determine f(-1).
12
Let v(m) = 3*m**2 - 20*m - 7. Determine v(7).
0
Let j(w) = -2*w**3 - 5*w**2 - w + 4. Determine j(-4).
56
Let r(p) = -44*p - 83. Give r(-3).
49
Let j(i) = i - 2. Give j(-9).
-11
Let l(c) = -11*c + 8. Give l(-3).
41
Let p(v) = v**2 - 4*v - 1. Determine p(2).
-5
Let c(y) = 33*y + 127. What is c(-4)?
-5
Let p(j) = 2*j**2 + 10*j - 7. Calculate p(-5).
-7
Let o(i) = 19*i**3 - i**2 + 3*i + 1. Calculate o(2).
155
Let m(l) = -7*l**3 + l**2. Calculate m(1).
-6
Let d(u) = 20*u + 56. Give d(-3).
-4
Let b(j) = j**3 - 7*j**2 + 7*j - 3. Calculate b(5).
-18
Let t(k) = -k**2 - 9*k + 4. What is t(-3)?
22
Let u(g) = g**3 + 10*g**2 - 38*g - 429. Calculate u(-8).
3
Let s(x) = x**2 - 14*x - 23. Give s(17).
28
Let w(h) = h**3 + 10*h**2 + 3*h - 17. Calculate w(-9).
37
Let k(c) = -5*c + 33. Calculate k(8).
-7
Let a(l) = -l**2 - 13*l + 17. Calculate a(-9).
53
Let a(g) = -g**3 + 15*g**2 - 14*g + 12. What is a(14)?
12
Let o(l) = l**2 - 22*l - 20. Give o(23).
3
Let t(i) = 6*i - 31. Give t(6).
5
Let w(d) = -d**3 - d**2 - d - 13. Determine w(0).
-13
Let g(s) = s**2 - 10*s + 14. Determine g(-6).
110
Let s(r) = -2*r**3 + 4*r**2 + 2*r - 1. Determine s(-2).
27
Let q(t) = t**3 - 81*t + 6. Calculate q(9).
6
Let r(g) = g**2 - 29*g + 175. Determine r(20).
-5
Let i(k) = -7*k + 3. Determine i(3).
-18
Let a(p) = p**3 - 4*p**2 + 4. What is a(5)?
29
Let a(k) = k**3 + 7*k**2 + 9*k + 56. Determine a(-7).
-7
Let d(u) = -3*u - 3. Calculate d(9).
-30
Let c(g) = -g + 5. Calculate c(-2).
7
Let g(o) = o**3 + 4*o**2 - 4*o + 2. Give g(-5).
-3
Let q(d) = 19*d. Calculate q(-3).
-57
Let m(d) = d**3 + 6*d**2 + 3*d + 2. What is m(-5)?
12
Let d(w) = -2*w**2 - 6*w + 10. Calculate d(-9).
-98
Let j(i) = i + 23. Determine j(-7).
16
Let j(q) = 2*q + 10. What is j(-3)?
4
Let c(x) = 6*x**2 + 4*x + 2. What is c(-2)?
18
Let p(d) = 5*d**2 - d + 1. Determine p(2).
19
Let g(c) = -c + 16. Determine g(2).
14
Let n(z) = -35*z + 197. Determine n(8).
-83
Let c(r) = 7*r + 4. Give c(-2).
-10
Let d(j) = -j**3 + 2*j**2 + 4*j + 3. Calculate d(4).
-13
Let b(t) = -2*t**2 - 17*t - 10. What is b(-7)?
11
Let a(m) = -7*m**2 + 45*m - 3. Determine a(7).
-31
Let m(i) = 3*i - 35. Determine m(2).
-29
Let q(j) = 8*j**3 + 2*j - 3. What is q(2)?
65
Let p(t) = 3*t - 139. Calculate p(15).
-94
Let c(j) = 5*j**3 - 4*j + 1. Calculate c(2).
33
Let z(d) = d**3 - 8*d**2 + 7*d + 12. Determine z(7).
12
Let r(i) = i**3 + 10*i**2 + 15*i. What is r(-8)?
8
Let z(x) = 21*x - 102. Calculate z(4).
-18
Let v(a) = 2*a**3 - a**2 - a - 2. Determine v(-2).
-20
Let q(y) = -y**2 + 11*y + 390. What is q(26)?
0
Let m(a) = -a**3 + 19*a**2 - 18*a + 7. Give m(18).
7
Let a(z) = 2*z**2 + 13*z - 11. Give a(0).
-11
Let a(t) = -t - 2. Give a(-2).
0
Let o(l) = -3*l - 34. Calculate o(-17).
17
Let n(c) = 2*c**2 + 11*c - 60. Calculate n(-9).
3
Let u(m) = m**3 + 28*m**2 - 31*m - 48. Calculate u(-29).
10
Let o(g) = g**3 + g**2 - g. Determine o(0).
0
Let c(z) = z**3 - 10*z**2 + 8*z + 18. What is c(8)?
-46
Let n(r) = -r**3 - 21*r**2 - 60*r - 112. Calculate n(-18).
-4
Let s(i) = -5*i**3 + 3*i - 2. Give s(-2).
32
Let j(i) = 4*i**2 + 18*i - 32. What is j(-6)?
4
Let p(o) = 7*o + 13. Give p(6).
55
Let y(b) = b**3 + 7*b**2 + 3*b + 1. Calculate y(-6).
19
Let a(f) = -16*f**3 - f**2 - f - 1. What is a(-1)?
15
Let f(y) = y**2 + 12*y - 8. Give f(-12).
-8
Let z(j) = -11*j + 18. Give z(4).
-26
Let x(y) = -y**3 + 23*y**2 + 23*y + 13. What is x(24)?
-11
Let a(h) = -h**2 + 8*h - 6. Determine a(4).
10
Let u(w) = w**2 - 11*w - 7. Calculate u(11).
-7
Let z(g) = g**2 - 25*g + 46. What is z(20)?
-54
Let i(j) = 6*j. What is i(-1)?
-6
Let q(d) = -d**2 - 36*d + 204. Give q(5).
-1
Let s(n) = n**2 + 12*n - 82. Give s(5).
3
Let c(o) = -o**3 - 17*o**2 - 18*o - 20. Give c(-16).
12
Let y(u) = u**3 - 8*u**2 + u - 6. Calculate y(8).
2
Let w(c) = -9*c**2 + c - 1. Determine w(-1).
-11
Let v(h) = -h**3 + h**2 - h + 10. Determine v(0).
10
Let z(h) = -2*h**2 - 30*h - 3. Give z(-15).
-3
Let x(b) = -b**2 + 15. Determine x(5).
-10
Let g(p) = -p**2 - 2*p - 9. What is g(-3)?
-12
Let n(x) = -x**3 + 11*x**2 + x + 24. Calculate n(11).
35
Let x(q) = -2*q**2 - 4. Give x(3).
-22
Let f(b) = 4*b + 13. Give f(-3).
1
Let f(r) = -4*r + 73. Determine f(-7).
101
Let c(u) = -3*u**2 + 18*u + 18. Determine c(7).
-3
Let h(q) = -q**3 - 11*q**2 - q + 13. Determine h(-11).
24
Let q(i) = 2*i**2 - 20*i - 37. Calculate q(-2).
11
Let l(c) = -c**3 - 6*c**2 - 6*c - 6. Give l(-6).
30
Let t(l) = 4*l**2 - 119*l - 24. Calculate t(30).
6
Let f(j) = 2*j**3 - 20*j**2 - 2*j + 23. Calculate f(10).
3
Let b(k